{"id":1445,"date":"2019-04-24T11:45:27","date_gmt":"2019-04-24T09:45:27","guid":{"rendered":"http:\/\/www.cluster-zukunft-der-pflege.de\/?page_id=1445"},"modified":"2024-12-12T13:43:25","modified_gmt":"2024-12-12T11:43:25","slug":"ppz-nuernberg","status":"publish","type":"page","link":"https:\/\/www.cluster-zukunft-der-pflege.de\/index.php\/ppz-nuernberg\/","title":{"rendered":"PFLEGEPRAXISZENTRUM N\u00dcRNBERG"},"content":{"rendered":"<p><div class=\"fusion-fullwidth fullwidth-box fusion-builder-row-1 nonhundred-percent-fullwidth non-hundred-percent-height-scrolling\" style=\"--awb-border-radius-top-left:0px;--awb-border-radius-top-right:0px;--awb-border-radius-bottom-right:0px;--awb-border-radius-bottom-left:0px;--awb-flex-wrap:wrap;\" ><div class=\"fusion-builder-row fusion-row\"><div class=\"fusion-layout-column fusion_builder_column fusion-builder-column-0 fusion_builder_column_2_3 2_3 fusion-two-third fusion-column-first\" style=\"--awb-bg-size:cover;width:66.666666666667%;width:calc(66.666666666667% - ( ( 4% ) * 0.66666666666667 ) );margin-right: 4%;\"><div class=\"fusion-column-wrapper fusion-column-has-shadow fusion-flex-column-wrapper-legacy\"><div class=\"fusion-title title fusion-title-1 fusion-sep-none fusion-title-text fusion-title-size-two\" style=\"--awb-text-color:#90b727;--awb-margin-top-small:0px;--awb-margin-right-small:0px;--awb-margin-bottom-small:20px;--awb-margin-left-small:0px;\"><h2 class=\"fusion-title-heading title-heading-left fusion-responsive-typography-calculated\" style=\"margin:0;--fontSize:35;line-height:1.29;\"><p><strong>Pflegepraxiszentrum N\u00fcrnberg<br \/>\n<\/strong><\/p><\/h2><\/div><div class=\"fusion-text fusion-text-1\"><p>Das PPZ-N\u00fcrnberg schlie\u00dft die L\u00fccke zwischen technischen Innovationen und der Pflegepraxis. Start-ups und Hersteller finden oft keinen direkten Zugang zum Pflegemarkt \u2013 wir schaffen Verbindungen, um den Austausch zwischen Entwicklern und Anwendern zu f\u00f6rdern.<\/p>\n<p>Als Austausch- und Vernetzungsplattform unterst\u00fctzen wir Pflegeeinrichtungen, Kliniken, ambulante Dienste und pflegende Angeh\u00f6rige dabei, neue Technologien erfolgreich zu integrieren. Dabei setzen wir auf bedarfsorientierte Ans\u00e4tze, eine gezielte Begleitung bei der Einf\u00fchrung und den aktiven Wissenstransfer, um praxistaugliche L\u00f6sungen zu schaffen. Unsere Schwerpunkte liegen dabei auf:<\/p>\n<p>\u00b7 Systematische Begleitung von Einrichtungen bei der Einf\u00fchrung technologischer Innovationen<br \/>\n\u00b7 Entwicklung neuer Methoden der Kompetenzvermittlung<br \/>\n\u00b7 Von der Idee bis zum marktreifen Produkt: Ersteinsch\u00e4tzung und Erprobungen\/Evaluation<br \/>\n\u00b7 Weitergabe von Know-how und Entwicklung neuer Ans\u00e4tze zur Kompetenzvermittlung<\/p>\n<\/div><div class=\"fusion-clearfix\"><\/div><\/div><\/div><div class=\"fusion-layout-column fusion_builder_column fusion-builder-column-1 fusion_builder_column_1_3 1_3 fusion-one-third fusion-column-last\" style=\"--awb-padding-top:15px;--awb-padding-right:15px;--awb-padding-bottom:15px;--awb-padding-left:15px;--awb-overflow:hidden;--awb-bg-color:#90b727;--awb-bg-color-hover:#90b727;--awb-bg-size:cover;--awb-box-shadow: 0px 0px ;;--awb-border-radius:15px 15px 15px 15px;width:33.333333333333%;width:calc(33.333333333333% - ( ( 4% ) * 0.33333333333333 ) );\"><div class=\"fusion-column-wrapper fusion-column-has-shadow fusion-flex-column-wrapper-legacy\"><div class=\"fusion-text fusion-text-2\"><p><span style=\"color: #ffffff;\"><strong>Kontakt<\/strong><br \/>\nPPZ N\u00fcrnberg<br \/>\nc\/o N\u00fcrnberg Stift<br \/>\nMarlene Klemm<br \/>\nTel.: 0911 215318601<br \/>\nE-Mail: marlene.klemm@ppz-nuernberg.de<br \/>\n<a href=\"https:\/\/www.ppz-nuernberg.de\">www.ppz-nuernberg.de<\/a><\/span><\/p>\n<\/div><div class=\"fusion-clearfix\"><\/div><\/div><\/div><div class=\"fusion-layout-column fusion_builder_column fusion-builder-column-2 fusion_builder_column_2_3 2_3 fusion-two-third fusion-column-first\" style=\"--awb-bg-size:cover;width:66.666666666667%;width:calc(66.666666666667% - ( ( 4% ) * 0.66666666666667 ) );margin-right: 4%;\"><div class=\"fusion-column-wrapper fusion-column-has-shadow fusion-flex-column-wrapper-legacy\"><div class=\"fusion-image-element in-legacy-container\" style=\"--awb-caption-title-font-family:var(--h2_typography-font-family);--awb-caption-title-font-weight:var(--h2_typography-font-weight);--awb-caption-title-font-style:var(--h2_typography-font-style);--awb-caption-title-size:var(--h2_typography-font-size);--awb-caption-title-transform:var(--h2_typography-text-transform);--awb-caption-title-line-height:var(--h2_typography-line-height);--awb-caption-title-letter-spacing:var(--h2_typography-letter-spacing);\"><span class=\" fusion-imageframe imageframe-none imageframe-1 hover-type-none\"><img decoding=\"async\" width=\"956\" height=\"534\" title=\"PPZ-N\u00fcrnberg\" src=\"https:\/\/www.cluster-zukunft-der-pflege.de\/wp-content\/uploads\/2024\/11\/image001.jpg\" alt class=\"img-responsive wp-image-2748\" srcset=\"https:\/\/www.cluster-zukunft-der-pflege.de\/wp-content\/uploads\/2024\/11\/image001-200x112.jpg 200w, https:\/\/www.cluster-zukunft-der-pflege.de\/wp-content\/uploads\/2024\/11\/image001-400x223.jpg 400w, https:\/\/www.cluster-zukunft-der-pflege.de\/wp-content\/uploads\/2024\/11\/image001-600x335.jpg 600w, https:\/\/www.cluster-zukunft-der-pflege.de\/wp-content\/uploads\/2024\/11\/image001-800x447.jpg 800w, https:\/\/www.cluster-zukunft-der-pflege.de\/wp-content\/uploads\/2024\/11\/image001.jpg 956w\" sizes=\"(max-width: 800px) 100vw, 956px\" \/><\/span><\/div><div class=\"fusion-clearfix\"><\/div><\/div><\/div><\/div><\/div><div class=\"fusion-fullwidth fullwidth-box fusion-builder-row-2 fusion-flex-container nonhundred-percent-fullwidth non-hundred-percent-height-scrolling\" style=\"--awb-border-radius-top-left:0px;--awb-border-radius-top-right:0px;--awb-border-radius-bottom-right:0px;--awb-border-radius-bottom-left:0px;--awb-flex-wrap:wrap;\" ><div class=\"fusion-builder-row fusion-row fusion-flex-align-items-flex-start fusion-flex-content-wrap\" style=\"max-width:1352px;margin-left: calc(-4% \/ 2 );margin-right: calc(-4% \/ 2 );\"><div class=\"fusion-layout-column fusion_builder_column fusion-builder-column-3 fusion_builder_column_1_1 1_1 fusion-flex-column\" style=\"--awb-bg-size:cover;--awb-width-large:100%;--awb-margin-top-large:0px;--awb-spacing-right-large:1.92%;--awb-margin-bottom-large:20px;--awb-spacing-left-large:1.92%;--awb-width-medium:100%;--awb-order-medium:0;--awb-spacing-right-medium:1.92%;--awb-spacing-left-medium:1.92%;--awb-width-small:100%;--awb-order-small:0;--awb-spacing-right-small:1.92%;--awb-spacing-left-small:1.92%;\"><div class=\"fusion-column-wrapper fusion-column-has-shadow fusion-flex-justify-content-flex-start fusion-content-layout-column\"><div class=\"fusion-title title fusion-title-2 fusion-title-text fusion-title-size-one\" style=\"--awb-margin-bottom:-20px;--awb-margin-top-small:0px;--awb-margin-right-small:0px;--awb-margin-bottom-small:20px;--awb-margin-left-small:0px;\"><div class=\"title-sep-container title-sep-container-left fusion-no-large-visibility fusion-no-medium-visibility fusion-no-small-visibility\"><div class=\"title-sep sep-double sep-solid\" style=\"border-color:#e0dede;\"><\/div><\/div><span class=\"awb-title-spacer fusion-no-large-visibility fusion-no-medium-visibility fusion-no-small-visibility\"><\/span><h1 class=\"fusion-title-heading title-heading-left fusion-responsive-typography-calculated\" style=\"margin:0;--fontSize:56;line-height:1.79;\"><h3>PPZ N\u00fcrnberg<\/h3><\/h1><span class=\"awb-title-spacer\"><\/span><div class=\"title-sep-container title-sep-container-right\"><div class=\"title-sep sep-double sep-solid\" style=\"border-color:#e0dede;\"><\/div><\/div><\/div><\/div><\/div><div class=\"fusion-layout-column fusion_builder_column fusion-builder-column-4 fusion_builder_column_1_2 1_2 fusion-flex-column\" style=\"--awb-bg-size:cover;--awb-width-large:50%;--awb-margin-top-large:0px;--awb-spacing-right-large:3.84%;--awb-margin-bottom-large:20px;--awb-spacing-left-large:3.84%;--awb-width-medium:100%;--awb-order-medium:0;--awb-spacing-right-medium:1.92%;--awb-spacing-left-medium:1.92%;--awb-width-small:100%;--awb-order-small:0;--awb-spacing-right-small:1.92%;--awb-spacing-left-small:1.92%;\"><div class=\"fusion-column-wrapper fusion-column-has-shadow fusion-flex-justify-content-flex-start fusion-content-layout-column\"><div class=\"fusion-video fusion-youtube\" style=\"--awb-max-width:600px;--awb-max-height:360px;\"><div class=\"video-shortcode\"><div class=\"fluid-width-video-wrapper\" style=\"padding-top:60%;\" ><iframe class=\"fusion-hidden\" data-privacy-type=\"youtube\" src=\"\" title=\"YouTube video player 1\" data-privacy-src=\"https:\/\/www.youtube.com\/embed\/vi2AIfF2U_U?wmode=transparent&autoplay=0\" width=\"600\" height=\"360\" allowfullscreen allow=\"autoplay; clipboard-write; encrypted-media; gyroscope; picture-in-picture;\"><\/iframe><div class=\"fusion-privacy-placeholder\" style=\"width:600px; height:360px;\" data-privacy-type=\"youtube\"><div class=\"fusion-privacy-placeholder-content\"><div class=\"fusion-privacy-label\">For privacy reasons YouTube needs your permission to be loaded. For more details, please see our <a class=\"privacy-policy-link\" href=\"https:\/\/www.cluster-zukunft-der-pflege.de\/index.php\/datenschutzerklaerung\/\" rel=\"privacy-policy\">DATENSCHUTZ<\/a>.<\/div><button data-privacy-type=\"youtube\" class=\"fusion-button button-default fusion-button-default-size button fusion-privacy-consent\">I Accept<\/button><\/div><\/div><\/div><\/div><\/div><\/div><\/div><\/div><\/div><\/p>\n","protected":false},"excerpt":{"rendered":"","protected":false},"author":3,"featured_media":0,"parent":0,"menu_order":0,"comment_status":"closed","ping_status":"closed","template":"","meta":{"footnotes":""},"class_list":["post-1445","page","type-page","status-publish","hentry"],"_links":{"self":[{"href":"https:\/\/www.cluster-zukunft-der-pflege.de\/index.php\/wp-json\/wp\/v2\/pages\/1445","targetHints":{"allow":["GET"]}}],"collection":[{"href":"https:\/\/www.cluster-zukunft-der-pflege.de\/index.php\/wp-json\/wp\/v2\/pages"}],"about":[{"href":"https:\/\/www.cluster-zukunft-der-pflege.de\/index.php\/wp-json\/wp\/v2\/types\/page"}],"author":[{"embeddable":true,"href":"https:\/\/www.cluster-zukunft-der-pflege.de\/index.php\/wp-json\/wp\/v2\/users\/3"}],"replies":[{"embeddable":true,"href":"https:\/\/www.cluster-zukunft-der-pflege.de\/index.php\/wp-json\/wp\/v2\/comments?post=1445"}],"version-history":[{"count":12,"href":"https:\/\/www.cluster-zukunft-der-pflege.de\/index.php\/wp-json\/wp\/v2\/pages\/1445\/revisions"}],"predecessor-version":[{"id":2785,"href":"https:\/\/www.cluster-zukunft-der-pflege.de\/index.php\/wp-json\/wp\/v2\/pages\/1445\/revisions\/2785"}],"wp:attachment":[{"href":"https:\/\/www.cluster-zukunft-der-pflege.de\/index.php\/wp-json\/wp\/v2\/media?parent=1445"}],"curies":[{"name":"wp","href":"https:\/\/api.w.org\/{rel}","templated":true}]}}

PFLEGEPRAXISZENTRUM NÜRNBERG

<p><div class="fusion-fullwidth fullwidth-box fusion-builder-row-1 nonhundred-percent-fullwidth non-hundred-percent-height-scrolling" style="--awb-border-radius-top-left:0px;--awb-border-radius-top-right:0px;--awb-border-radius-bottom-right:0px;--awb-border-radius-bottom-left:0px;--awb-flex-wrap:wrap;" ><div class="fusion-builder-row fusion-row"><div class="fusion-layout-column fusion_builder_column fusion-builder-column-0 fusion_builder_column_2_3 2_3 fusion-two-third fusion-column-first" style="--awb-bg-size:cover;width:66.666666666667%;width:calc(66.666666666667% - ( ( 4% ) * 0.66666666666667 ) );margin-right: 4%;"><div class="fusion-column-wrapper fusion-column-has-shadow fusion-flex-column-wrapper-legacy"><div class="fusion-title title fusion-title-1 fusion-sep-none fusion-title-text fusion-title-size-two" style="--awb-text-color:#90b727;--awb-margin-top-small:0px;--awb-margin-right-small:0px;--awb-margin-bottom-small:20px;--awb-margin-left-small:0px;"><h2 class="fusion-title-heading title-heading-left fusion-responsive-typography-calculated" style="margin:0;--fontSize:35;line-height:1.29;"><p><strong>Pflegepraxiszentrum Nürnberg<br />
</strong></p></h2></div><div class="fusion-text fusion-text-1"><p>Das PPZ-Nürnberg schließt die Lücke zwischen technischen Innovationen und der Pflegepraxis. Start-ups und Hersteller finden oft keinen direkten Zugang zum Pflegemarkt – wir schaffen Verbindungen, um den Austausch zwischen Entwicklern und Anwendern zu fördern.</p>
<p>Als Austausch- und Vernetzungsplattform unterstützen wir Pflegeeinrichtungen, Kliniken, ambulante Dienste und pflegende Angehörige dabei, neue Technologien erfolgreich zu integrieren. Dabei setzen wir auf bedarfsorientierte Ansätze, eine gezielte Begleitung bei der Einführung und den aktiven Wissenstransfer, um praxistaugliche Lösungen zu schaffen. Unsere Schwerpunkte liegen dabei auf:</p>
<p>· Systematische Begleitung von Einrichtungen bei der Einführung technologischer Innovationen<br />
· Entwicklung neuer Methoden der Kompetenzvermittlung<br />
· Von der Idee bis zum marktreifen Produkt: Ersteinschätzung und Erprobungen/Evaluation<br />
· Weitergabe von Know-how und Entwicklung neuer Ansätze zur Kompetenzvermittlung</p>
</div><div class="fusion-clearfix"></div></div></div><div class="fusion-layout-column fusion_builder_column fusion-builder-column-1 fusion_builder_column_1_3 1_3 fusion-one-third fusion-column-last" style="--awb-padding-top:15px;--awb-padding-right:15px;--awb-padding-bottom:15px;--awb-padding-left:15px;--awb-overflow:hidden;--awb-bg-color:#90b727;--awb-bg-color-hover:#90b727;--awb-bg-size:cover;--awb-box-shadow: 0px 0px ;;--awb-border-radius:15px 15px 15px 15px;width:33.333333333333%;width:calc(33.333333333333% - ( ( 4% ) * 0.33333333333333 ) );"><div class="fusion-column-wrapper fusion-column-has-shadow fusion-flex-column-wrapper-legacy"><div class="fusion-text fusion-text-2"><p><span style="color: #ffffff;"><strong>Kontakt</strong><br />
PPZ Nürnberg<br />
c/o Nürnberg Stift<br />
Marlene Klemm<br />
Tel.: 0911 215318601<br />
E-Mail: marlene.klemm@ppz-nuernberg.de<br />
<a href="https://www.ppz-nuernberg.de">www.ppz-nuernberg.de</a></span></p>
</div><div class="fusion-clearfix"></div></div></div><div class="fusion-layout-column fusion_builder_column fusion-builder-column-2 fusion_builder_column_2_3 2_3 fusion-two-third fusion-column-first" style="--awb-bg-size:cover;width:66.666666666667%;width:calc(66.666666666667% - ( ( 4% ) * 0.66666666666667 ) );margin-right: 4%;"><div class="fusion-column-wrapper fusion-column-has-shadow fusion-flex-column-wrapper-legacy"><div class="fusion-image-element in-legacy-container" style="--awb-caption-title-font-family:var(--h2_typography-font-family);--awb-caption-title-font-weight:var(--h2_typography-font-weight);--awb-caption-title-font-style:var(--h2_typography-font-style);--awb-caption-title-size:var(--h2_typography-font-size);--awb-caption-title-transform:var(--h2_typography-text-transform);--awb-caption-title-line-height:var(--h2_typography-line-height);--awb-caption-title-letter-spacing:var(--h2_typography-letter-spacing);"><span class=" fusion-imageframe imageframe-none imageframe-1 hover-type-none"><img decoding="async" width="956" height="534" title="PPZ-Nürnberg" src="https://www.cluster-zukunft-der-pflege.de/wp-content/uploads/2024/11/image001.jpg" alt class="img-responsive wp-image-2748" srcset="https://www.cluster-zukunft-der-pflege.de/wp-content/uploads/2024/11/image001-200x112.jpg 200w, https://www.cluster-zukunft-der-pflege.de/wp-content/uploads/2024/11/image001-400x223.jpg 400w, https://www.cluster-zukunft-der-pflege.de/wp-content/uploads/2024/11/image001-600x335.jpg 600w, https://www.cluster-zukunft-der-pflege.de/wp-content/uploads/2024/11/image001-800x447.jpg 800w, https://www.cluster-zukunft-der-pflege.de/wp-content/uploads/2024/11/image001.jpg 956w" sizes="(max-width: 800px) 100vw, 956px" /></span></div><div class="fusion-clearfix"></div></div></div></div></div><div class="fusion-fullwidth fullwidth-box fusion-builder-row-2 fusion-flex-container nonhundred-percent-fullwidth non-hundred-percent-height-scrolling" style="--awb-border-radius-top-left:0px;--awb-border-radius-top-right:0px;--awb-border-radius-bottom-right:0px;--awb-border-radius-bottom-left:0px;--awb-flex-wrap:wrap;" ><div class="fusion-builder-row fusion-row fusion-flex-align-items-flex-start fusion-flex-content-wrap" style="max-width:1352px;margin-left: calc(-4% / 2 );margin-right: calc(-4% / 2 );"><div class="fusion-layout-column fusion_builder_column fusion-builder-column-3 fusion_builder_column_1_1 1_1 fusion-flex-column" style="--awb-bg-size:cover;--awb-width-large:100%;--awb-margin-top-large:0px;--awb-spacing-right-large:1.92%;--awb-margin-bottom-large:20px;--awb-spacing-left-large:1.92%;--awb-width-medium:100%;--awb-order-medium:0;--awb-spacing-right-medium:1.92%;--awb-spacing-left-medium:1.92%;--awb-width-small:100%;--awb-order-small:0;--awb-spacing-right-small:1.92%;--awb-spacing-left-small:1.92%;"><div class="fusion-column-wrapper fusion-column-has-shadow fusion-flex-justify-content-flex-start fusion-content-layout-column"><div class="fusion-title title fusion-title-2 fusion-title-text fusion-title-size-one" style="--awb-margin-bottom:-20px;--awb-margin-top-small:0px;--awb-margin-right-small:0px;--awb-margin-bottom-small:20px;--awb-margin-left-small:0px;"><div class="title-sep-container title-sep-container-left fusion-no-large-visibility fusion-no-medium-visibility fusion-no-small-visibility"><div class="title-sep sep-double sep-solid" style="border-color:#e0dede;"></div></div><span class="awb-title-spacer fusion-no-large-visibility fusion-no-medium-visibility fusion-no-small-visibility"></span><h1 class="fusion-title-heading title-heading-left fusion-responsive-typography-calculated" style="margin:0;--fontSize:56;line-height:1.79;"><h3>PPZ Nürnberg</h3></h1><span class="awb-title-spacer"></span><div class="title-sep-container title-sep-container-right"><div class="title-sep sep-double sep-solid" style="border-color:#e0dede;"></div></div></div></div></div><div class="fusion-layout-column fusion_builder_column fusion-builder-column-4 fusion_builder_column_1_2 1_2 fusion-flex-column" style="--awb-bg-size:cover;--awb-width-large:50%;--awb-margin-top-large:0px;--awb-spacing-right-large:3.84%;--awb-margin-bottom-large:20px;--awb-spacing-left-large:3.84%;--awb-width-medium:100%;--awb-order-medium:0;--awb-spacing-right-medium:1.92%;--awb-spacing-left-medium:1.92%;--awb-width-small:100%;--awb-order-small:0;--awb-spacing-right-small:1.92%;--awb-spacing-left-small:1.92%;"><div class="fusion-column-wrapper fusion-column-has-shadow fusion-flex-justify-content-flex-start fusion-content-layout-column"><div class="fusion-video fusion-youtube" style="--awb-max-width:600px;--awb-max-height:360px;"><div class="video-shortcode"><div class="fluid-width-video-wrapper" style="padding-top:60%;" ><iframe class="fusion-hidden" data-privacy-type="youtube" src="" title="YouTube video player 1" data-privacy-src="https://www.youtube.com/embed/vi2AIfF2U_U?wmode=transparent&autoplay=0" width="600" height="360" allowfullscreen allow="autoplay; clipboard-write; encrypted-media; gyroscope; picture-in-picture;"></iframe><div class="fusion-privacy-placeholder" style="width:600px; height:360px;" data-privacy-type="youtube"><div class="fusion-privacy-placeholder-content"><div class="fusion-privacy-label">For privacy reasons YouTube needs your permission to be loaded. For more details, please see our <a class="privacy-policy-link" href="https://www.cluster-zukunft-der-pflege.de/index.php/datenschutzerklaerung/" rel="privacy-policy">DATENSCHUTZ</a>.</div><button data-privacy-type="youtube" class="fusion-button button-default fusion-button-default-size button fusion-privacy-consent">I Accept</button></div></div></div></div></div></div></div></div></div></p>
