{"id":1449,"date":"2019-04-24T11:46:10","date_gmt":"2019-04-24T09:46:10","guid":{"rendered":"http:\/\/www.cluster-zukunft-der-pflege.de\/?page_id=1449"},"modified":"2024-12-11T15:22:29","modified_gmt":"2024-12-11T13:22:29","slug":"ppz-freiburg","status":"publish","type":"page","link":"https:\/\/www.cluster-zukunft-der-pflege.de\/index.php\/ppz-freiburg\/","title":{"rendered":"PFLEGEPRAXISZENTRUM FREIBURG"},"content":{"rendered":"<div class=\"fusion-fullwidth fullwidth-box fusion-builder-row-1 nonhundred-percent-fullwidth non-hundred-percent-height-scrolling\" style=\"--awb-border-radius-top-left:0px;--awb-border-radius-top-right:0px;--awb-border-radius-bottom-right:0px;--awb-border-radius-bottom-left:0px;--awb-flex-wrap:wrap;\" ><div class=\"fusion-builder-row fusion-row\"><div class=\"fusion-layout-column fusion_builder_column fusion-builder-column-0 fusion_builder_column_2_3 2_3 fusion-two-third fusion-column-first\" style=\"--awb-bg-size:cover;width:66.666666666667%;width:calc(66.666666666667% - ( ( 4% ) * 0.66666666666667 ) );margin-right: 4%;\"><div class=\"fusion-column-wrapper fusion-column-has-shadow fusion-flex-column-wrapper-legacy\"><div class=\"fusion-title title fusion-title-1 fusion-sep-none fusion-title-text fusion-title-size-two\" style=\"--awb-text-color:#90b727;--awb-margin-top-small:0px;--awb-margin-right-small:0px;--awb-margin-bottom-small:20px;--awb-margin-left-small:0px;\"><h2 class=\"fusion-title-heading title-heading-left fusion-responsive-typography-calculated\" style=\"margin:0;--fontSize:35;line-height:1.29;\"><p><strong>Pflegepraxiszentrum Freiburg<br \/>\n<\/strong><\/p><\/h2><\/div><div class=\"fusion-text fusion-text-1\"><p>Das Pflegepraxiszentrum Freiburg besch\u00e4ftigt sich seit 2018 mit der Erprobung und Evaluation von innovativen Technologien im akutstation\u00e4ren Pflegesetting. <\/p>\n<p>In einem n\u00e4chsten Schritt wird der Einsatz von Telematik zur \u00dcberwindung der Sektorengrenzen in der pflegerischen Versorgung untersucht. Ein nach au\u00dfen gerichteter Transfer soll weitere Pflegeeinrichtungen von den erworbenen Erkenntnissen profitieren lassen. <\/p>\n<p>Dazu dient ma\u00dfgeblich ein Buddy-Konzept, das in Freiburg den Fokus auf die Sektorengrenzen zwischen Krankenhaus und Rehabilitationsklinik bzw. zur h\u00e4uslichen Pflege legen wird.<\/p>\n<\/div><div class=\"fusion-clearfix\"><\/div><\/div><\/div><div class=\"fusion-layout-column fusion_builder_column fusion-builder-column-1 fusion_builder_column_1_3 1_3 fusion-one-third fusion-column-last\" style=\"--awb-padding-top:15px;--awb-padding-right:15px;--awb-padding-bottom:15px;--awb-padding-left:15px;--awb-overflow:hidden;--awb-bg-color:#90b727;--awb-bg-color-hover:#90b727;--awb-bg-size:cover;--awb-box-shadow: 0px 0px ;;--awb-border-radius:15px 15px 15px 15px;width:33.333333333333%;width:calc(33.333333333333% - ( ( 4% ) * 0.33333333333333 ) );\"><div class=\"fusion-column-wrapper fusion-column-has-shadow fusion-flex-column-wrapper-legacy\"><div class=\"fusion-text fusion-text-2\"><p><span style=\"color: #ffffff;\"><strong>Kontakt<\/strong><br \/>\nUniversit\u00e4tsklinikum Freiburg<br \/>\nSven Ziegler<br \/>\nTel.: 0761 27019023<br \/>\nE-Mail: sven.ziegler@uniklinik-freiburg.de<br \/>\n<a href=\"https:\/\/www.ppz-freiburg.de\">www.ppz-freiburg.de<\/a><\/span><\/p>\n<\/div><div class=\"fusion-clearfix\"><\/div><\/div><\/div><div class=\"fusion-layout-column fusion_builder_column fusion-builder-column-2 fusion_builder_column_2_3 2_3 fusion-two-third fusion-column-first\" style=\"--awb-bg-size:cover;width:66.666666666667%;width:calc(66.666666666667% - ( ( 4% ) * 0.66666666666667 ) );margin-right: 4%;\"><div class=\"fusion-column-wrapper fusion-column-has-shadow fusion-flex-column-wrapper-legacy\"><div class=\"fusion-image-element in-legacy-container\" style=\"--awb-caption-title-font-family:var(--h2_typography-font-family);--awb-caption-title-font-weight:var(--h2_typography-font-weight);--awb-caption-title-font-style:var(--h2_typography-font-style);--awb-caption-title-size:var(--h2_typography-font-size);--awb-caption-title-transform:var(--h2_typography-text-transform);--awb-caption-title-line-height:var(--h2_typography-line-height);--awb-caption-title-letter-spacing:var(--h2_typography-letter-spacing);\"><span class=\" fusion-imageframe imageframe-none imageframe-1 hover-type-none\"><img decoding=\"async\" width=\"800\" height=\"374\" title=\"freiburg\" src=\"https:\/\/www.cluster-zukunft-der-pflege.de\/wp-content\/uploads\/2019\/07\/freiburg-800x374.png\" alt class=\"img-responsive wp-image-1575\"\/><\/span><\/div><div class=\"fusion-clearfix\"><\/div><\/div><\/div><\/div><\/div>\n","protected":false},"excerpt":{"rendered":"","protected":false},"author":3,"featured_media":0,"parent":0,"menu_order":0,"comment_status":"closed","ping_status":"closed","template":"","meta":{"footnotes":""},"class_list":["post-1449","page","type-page","status-publish","hentry"],"_links":{"self":[{"href":"https:\/\/www.cluster-zukunft-der-pflege.de\/index.php\/wp-json\/wp\/v2\/pages\/1449","targetHints":{"allow":["GET"]}}],"collection":[{"href":"https:\/\/www.cluster-zukunft-der-pflege.de\/index.php\/wp-json\/wp\/v2\/pages"}],"about":[{"href":"https:\/\/www.cluster-zukunft-der-pflege.de\/index.php\/wp-json\/wp\/v2\/types\/page"}],"author":[{"embeddable":true,"href":"https:\/\/www.cluster-zukunft-der-pflege.de\/index.php\/wp-json\/wp\/v2\/users\/3"}],"replies":[{"embeddable":true,"href":"https:\/\/www.cluster-zukunft-der-pflege.de\/index.php\/wp-json\/wp\/v2\/comments?post=1449"}],"version-history":[{"count":13,"href":"https:\/\/www.cluster-zukunft-der-pflege.de\/index.php\/wp-json\/wp\/v2\/pages\/1449\/revisions"}],"predecessor-version":[{"id":2769,"href":"https:\/\/www.cluster-zukunft-der-pflege.de\/index.php\/wp-json\/wp\/v2\/pages\/1449\/revisions\/2769"}],"wp:attachment":[{"href":"https:\/\/www.cluster-zukunft-der-pflege.de\/index.php\/wp-json\/wp\/v2\/media?parent=1449"}],"curies":[{"name":"wp","href":"https:\/\/api.w.org\/{rel}","templated":true}]}}

<div class="fusion-fullwidth fullwidth-box fusion-builder-row-1 nonhundred-percent-fullwidth non-hundred-percent-height-scrolling" style="--awb-border-radius-top-left:0px;--awb-border-radius-top-right:0px;--awb-border-radius-bottom-right:0px;--awb-border-radius-bottom-left:0px;--awb-flex-wrap:wrap;" ><div class="fusion-builder-row fusion-row"><div class="fusion-layout-column fusion_builder_column fusion-builder-column-0 fusion_builder_column_2_3 2_3 fusion-two-third fusion-column-first" style="--awb-bg-size:cover;width:66.666666666667%;width:calc(66.666666666667% - ( ( 4% ) * 0.66666666666667 ) );margin-right: 4%;"><div class="fusion-column-wrapper fusion-column-has-shadow fusion-flex-column-wrapper-legacy"><div class="fusion-title title fusion-title-1 fusion-sep-none fusion-title-text fusion-title-size-two" style="--awb-text-color:#90b727;--awb-margin-top-small:0px;--awb-margin-right-small:0px;--awb-margin-bottom-small:20px;--awb-margin-left-small:0px;"><h2 class="fusion-title-heading title-heading-left fusion-responsive-typography-calculated" style="margin:0;--fontSize:35;line-height:1.29;"><p><strong>Pflegepraxiszentrum Freiburg<br />
</strong></p></h2></div><div class="fusion-text fusion-text-1"><p>Das Pflegepraxiszentrum Freiburg beschäftigt sich seit 2018 mit der Erprobung und Evaluation von innovativen Technologien im akutstationären Pflegesetting. </p>
<p>In einem nächsten Schritt wird der Einsatz von Telematik zur Überwindung der Sektorengrenzen in der pflegerischen Versorgung untersucht. Ein nach außen gerichteter Transfer soll weitere Pflegeeinrichtungen von den erworbenen Erkenntnissen profitieren lassen. </p>
<p>Dazu dient maßgeblich ein Buddy-Konzept, das in Freiburg den Fokus auf die Sektorengrenzen zwischen Krankenhaus und Rehabilitationsklinik bzw. zur häuslichen Pflege legen wird.</p>
</div><div class="fusion-clearfix"></div></div></div><div class="fusion-layout-column fusion_builder_column fusion-builder-column-1 fusion_builder_column_1_3 1_3 fusion-one-third fusion-column-last" style="--awb-padding-top:15px;--awb-padding-right:15px;--awb-padding-bottom:15px;--awb-padding-left:15px;--awb-overflow:hidden;--awb-bg-color:#90b727;--awb-bg-color-hover:#90b727;--awb-bg-size:cover;--awb-box-shadow: 0px 0px ;;--awb-border-radius:15px 15px 15px 15px;width:33.333333333333%;width:calc(33.333333333333% - ( ( 4% ) * 0.33333333333333 ) );"><div class="fusion-column-wrapper fusion-column-has-shadow fusion-flex-column-wrapper-legacy"><div class="fusion-text fusion-text-2"><p><span style="color: #ffffff;"><strong>Kontakt</strong><br />
Universitätsklinikum Freiburg<br />
Sven Ziegler<br />
Tel.: 0761 27019023<br />
E-Mail: sven.ziegler@uniklinik-freiburg.de<br />
<a href="https://www.ppz-freiburg.de">www.ppz-freiburg.de</a></span></p>
</div><div class="fusion-clearfix"></div></div></div><div class="fusion-layout-column fusion_builder_column fusion-builder-column-2 fusion_builder_column_2_3 2_3 fusion-two-third fusion-column-first" style="--awb-bg-size:cover;width:66.666666666667%;width:calc(66.666666666667% - ( ( 4% ) * 0.66666666666667 ) );margin-right: 4%;"><div class="fusion-column-wrapper fusion-column-has-shadow fusion-flex-column-wrapper-legacy"><div class="fusion-image-element in-legacy-container" style="--awb-caption-title-font-family:var(--h2_typography-font-family);--awb-caption-title-font-weight:var(--h2_typography-font-weight);--awb-caption-title-font-style:var(--h2_typography-font-style);--awb-caption-title-size:var(--h2_typography-font-size);--awb-caption-title-transform:var(--h2_typography-text-transform);--awb-caption-title-line-height:var(--h2_typography-line-height);--awb-caption-title-letter-spacing:var(--h2_typography-letter-spacing);"><span class=" fusion-imageframe imageframe-none imageframe-1 hover-type-none"><img decoding="async" width="800" height="374" title="freiburg" src="https://www.cluster-zukunft-der-pflege.de/wp-content/uploads/2019/07/freiburg-800x374.png" alt class="img-responsive wp-image-1575"/></span></div><div class="fusion-clearfix"></div></div></div></div></div>
