{"id":3419,"date":"2026-03-11T16:33:29","date_gmt":"2026-03-11T14:33:29","guid":{"rendered":"https:\/\/www.cluster-zukunft-der-pflege.de\/?page_id=3419"},"modified":"2026-03-11T17:06:01","modified_gmt":"2026-03-11T15:06:01","slug":"konferenz-2026","status":"publish","type":"page","link":"https:\/\/www.cluster-zukunft-der-pflege.de\/index.php\/konferenz-2026\/","title":{"rendered":"KONFERENZ 2026"},"content":{"rendered":"<div class=\"fusion-fullwidth fullwidth-box fusion-builder-row-1 fusion-flex-container has-pattern-background has-mask-background nonhundred-percent-fullwidth non-hundred-percent-height-scrolling\" style=\"--awb-border-radius-top-left:0px;--awb-border-radius-top-right:0px;--awb-border-radius-bottom-right:0px;--awb-border-radius-bottom-left:0px;--awb-flex-wrap:wrap;\" ><div class=\"fusion-builder-row fusion-row fusion-flex-align-items-flex-start fusion-flex-content-wrap\" style=\"max-width:1352px;margin-left: calc(-4% \/ 2 );margin-right: calc(-4% \/ 2 );\"><div class=\"fusion-layout-column fusion_builder_column fusion-builder-column-0 fusion_builder_column_2_3 2_3 fusion-flex-column\" style=\"--awb-bg-size:cover;--awb-width-large:66.666666666667%;--awb-margin-top-large:0px;--awb-spacing-right-large:2.88%;--awb-margin-bottom-large:20px;--awb-spacing-left-large:2.88%;--awb-width-medium:100%;--awb-order-medium:0;--awb-spacing-right-medium:1.92%;--awb-spacing-left-medium:1.92%;--awb-width-small:100%;--awb-order-small:0;--awb-spacing-right-small:1.92%;--awb-spacing-left-small:1.92%;\"><div class=\"fusion-column-wrapper fusion-column-has-shadow fusion-flex-justify-content-flex-start fusion-content-layout-column\"><div class=\"fusion-title title fusion-title-1 fusion-sep-none fusion-title-text fusion-title-size-two\" style=\"--awb-text-color:#90b727;--awb-margin-top-small:0px;--awb-margin-right-small:0px;--awb-margin-bottom-small:20px;--awb-margin-left-small:0px;\"><h2 class=\"fusion-title-heading title-heading-left fusion-responsive-typography-calculated\" style=\"margin:0;--fontSize:35;line-height:1.29;\"><h2><strong>Bericht zur 8. Konferenz \u201eZukunft der Pflege\u201c<\/strong><\/h2><\/h2><\/div><div class=\"fusion-text fusion-text-1\"><p>Am 3. und 4. M\u00e4rz 2026 fand die 8. Konferenz\u00a0\u201eZukunft der Pflege\u201c in der Technischen Hochschule N\u00fcrnberg Georg Simon Ohm statt. Die vom Pflegepraxiszentrum (PPZ) N\u00fcrnberg ausgerichtete Veranstaltung zog rund 250 Teilnehmende aus Pflegepraxis, Wissenschaft, Politik und Industrie an. Mit \u00fcber 90 wissenschaftlichen Einreichungen und elf Ausstellern unterstrich sie ihre Rolle als zentrale Plattform f\u00fcr Wissenstransfer und Vernetzung.<\/p>\n<p><strong>Motto und Themenschwerpunkte<\/strong><\/p>\n<p>Unter dem Motto \u201eDigitale Transformation \u2013 smart, sicher, souver\u00e4n\u201c standen an den zwei Tagen Chancen und Herausforderungen der Digitalisierung im Fokus. Die Agenda umfasste die relevanten Themen Wissenstransfer und Implementierung, technologische Innovationen wie Telepflege, KI, Robotik und Sturzpr\u00e4vention, Kompetenzentwicklung, Finanzierung sowie ethische Fragestellungen. Gemeinsam wurden konkrete L\u00f6sungswege und Bedarfe identifiziert.<\/p>\n<p>\u201eDurch unser Motto steht im Zentrum, wie Technologie den Pflegealltag wirklich verbessern kann. Smart durch fr\u00fchen Dialog zwischen Entwickelnden und Nutzenden. Sicher durch konsequenten Datenschutz und IT-Sicherheit. Souver\u00e4n, wenn Pflegefachkr\u00e4fte und Betroffene bef\u00e4higt werden, Technologien kompetent und selbstbewusst einzusetzen\u201c res\u00fcmiert <em>Marlene Klemm, Leitung des Pflegepraxiszentrum N\u00fcrnberg.<\/em><\/p>\n<p><strong>Programm und Formate<\/strong><\/p>\n<p>Ein abwechslungsreiches Programm angereichert mit Workshops, Short-Paper-Sessions, einer Posterausstellung, einem Innovationswettbewerb, \u201eMeet the Podcaster\u201c und \u201eMeet the Influencer\u201c, einer Organized Session sowie einem wissenschaftlichem Vernetzungstreffen bot reichlich Raum f\u00fcr Dialog und Austausch, um praxisnahen Wandel sichtbar zu machen. Renommierte Expertinnen und Experten lieferten Impulse zu Ethik in der digitalen Transformation, Qualifikationen f\u00fcr die Zukunftspflege und Innovationen. Die ausstellenden Unternehmen pr\u00e4sentierten relevante Produkte und Dienstleistungen f\u00fcr die Praxis.<\/p>\n<p><em>Prof. Dr. Vera Antonia B\u00fcchner, Professur Management im Gesundheitswesen an von der Technischen Hochschule N\u00fcrnberg Georg Simon Ohm<\/em> betont: \u201eDie 8. Konferenz \u201aZukunft der Pflege\u2018 zeigt mit \u00fcber 90 Abstracts die hohe wissenschaftliche Resonanz und interdisziplin\u00e4re Breite aktueller Pflegeforschung. Sie verbindet empirische Studien, Evaluationsans\u00e4tze und Praxistransfer im Dialog zwischen Wissenschaft und Versorgungspraxis \u2013 f\u00fcr eine evidenzbasierte Weiterentwicklung digitaler Innovationen in der Pflege.\u201c<\/p>\n<p><strong>Austausch und Vernetzung<\/strong><\/p>\n<p>Fachkr\u00e4fte, Forschende und Entscheidungstragende nutzten die Plattform f\u00fcr Kooperationen, Erfahrungsaustausch und zur Sammlung neuer Impulse. Die Vielfalt der Perspektiven f\u00f6rderte praxisnahe Diskussionen und gemeinsame L\u00f6sungsans\u00e4tze.<\/p>\n<p><em>Marina Iftner, Projektmanagerin bei Bayern Innovativ<\/em> ist sich sicher: \u201eInnovation in der Pflege entsteht dort, wo Technologie auf Praxis trifft: Die 8. Konferenz \u201aZukunft der Pflege\u2018 vernetzt Wissenschaft, Praxis, Politik und Technologieentwicklung, um digitale L\u00f6sungen praxisnah weiterzuentwickeln und nachhaltig umzusetzen \u2013 f\u00fcr eine zukunftsf\u00e4hige Pflege, die Pflegende entlastet und Menschen dient.\u201c<\/p>\n<p><strong>Ergebnisse und Ausblick<\/strong><\/p>\n<p>Die Konferenz verdeutlichte, dass digitale Transformation technologische, qualifizierende, organisatorische und ethische Aspekte vereint. Die Impulse flie\u00dfen in den vom Bundesministerium f\u00fcr Forschung, Technologie und Raumfahrt gef\u00f6rderten Cluster \u201eZukunft der Pflege\u201c ein und werden in k\u00fcnftigen Transferaktivit\u00e4ten aufgegriffen.<\/p>\n<p><strong>Fazit und Ausblick<\/strong><\/p>\n<p>Mit 250 Teilnehmenden, \u00fcber 90 Beitr\u00e4gen und elf Ausstellern setzte die Konferenz ein starkes Zeichen f\u00fcr die digitale Transformation der Pflege. Die 9. Konferenz \u201eZukunft der Pflege\u201c findet am 13. und 14.4.2027 in Hannover statt.<\/p>\n<\/div><\/div><\/div><div class=\"fusion-layout-column fusion_builder_column fusion-builder-column-1 fusion_builder_column_1_3 1_3 fusion-flex-column\" style=\"--awb-padding-top:15px;--awb-padding-right:15px;--awb-padding-bottom:15px;--awb-padding-left:15px;--awb-overflow:hidden;--awb-bg-color:#90b727;--awb-bg-color-hover:#90b727;--awb-bg-size:cover;--awb-box-shadow: 0px 0px ;;--awb-border-radius:15px 15px 15px 15px;--awb-width-large:33.333333333333%;--awb-margin-top-large:0px;--awb-spacing-right-large:5.76%;--awb-margin-bottom-large:20px;--awb-spacing-left-large:5.76%;--awb-width-medium:100%;--awb-order-medium:0;--awb-spacing-right-medium:1.92%;--awb-spacing-left-medium:1.92%;--awb-width-small:100%;--awb-order-small:0;--awb-spacing-right-small:1.92%;--awb-spacing-left-small:1.92%;\" data-scroll-devices=\"small-visibility,medium-visibility,large-visibility\"><div class=\"fusion-column-wrapper fusion-column-has-shadow fusion-flex-justify-content-flex-start fusion-content-layout-column\"><div class=\"fusion-image-element \" style=\"--awb-margin-bottom:20px;--awb-caption-title-font-family:var(--h2_typography-font-family);--awb-caption-title-font-weight:var(--h2_typography-font-weight);--awb-caption-title-font-style:var(--h2_typography-font-style);--awb-caption-title-size:var(--h2_typography-font-size);--awb-caption-title-transform:var(--h2_typography-text-transform);--awb-caption-title-line-height:var(--h2_typography-line-height);--awb-caption-title-letter-spacing:var(--h2_typography-letter-spacing);\"><span class=\" fusion-imageframe imageframe-none imageframe-1 hover-type-none\"><a class=\"fusion-no-lightbox\" href=\"https:\/\/ppz-nuernberg.de\/wp-content\/uploads\/2026\/03\/Konferenzband_doi.pdf\" target=\"_blank\" aria-label=\"001\" rel=\"noopener noreferrer\"><img decoding=\"async\" width=\"1058\" height=\"1497\" src=\"https:\/\/www.cluster-zukunft-der-pflege.de\/wp-content\/uploads\/2026\/03\/001-1-pdf.jpg\" alt class=\"img-responsive wp-image-3407\"\/><\/a><\/span><\/div><\/div><\/div><\/div><\/div>\n","protected":false},"excerpt":{"rendered":"","protected":false},"author":11,"featured_media":0,"parent":0,"menu_order":0,"comment_status":"closed","ping_status":"closed","template":"","meta":{"footnotes":""},"class_list":["post-3419","page","type-page","status-publish","hentry"],"_links":{"self":[{"href":"https:\/\/www.cluster-zukunft-der-pflege.de\/index.php\/wp-json\/wp\/v2\/pages\/3419","targetHints":{"allow":["GET"]}}],"collection":[{"href":"https:\/\/www.cluster-zukunft-der-pflege.de\/index.php\/wp-json\/wp\/v2\/pages"}],"about":[{"href":"https:\/\/www.cluster-zukunft-der-pflege.de\/index.php\/wp-json\/wp\/v2\/types\/page"}],"author":[{"embeddable":true,"href":"https:\/\/www.cluster-zukunft-der-pflege.de\/index.php\/wp-json\/wp\/v2\/users\/11"}],"replies":[{"embeddable":true,"href":"https:\/\/www.cluster-zukunft-der-pflege.de\/index.php\/wp-json\/wp\/v2\/comments?post=3419"}],"version-history":[{"count":1,"href":"https:\/\/www.cluster-zukunft-der-pflege.de\/index.php\/wp-json\/wp\/v2\/pages\/3419\/revisions"}],"predecessor-version":[{"id":3420,"href":"https:\/\/www.cluster-zukunft-der-pflege.de\/index.php\/wp-json\/wp\/v2\/pages\/3419\/revisions\/3420"}],"wp:attachment":[{"href":"https:\/\/www.cluster-zukunft-der-pflege.de\/index.php\/wp-json\/wp\/v2\/media?parent=3419"}],"curies":[{"name":"wp","href":"https:\/\/api.w.org\/{rel}","templated":true}]}}