{"id":3429,"date":"2026-03-11T17:00:46","date_gmt":"2026-03-11T15:00:46","guid":{"rendered":"https:\/\/www.cluster-zukunft-der-pflege.de\/?post_type=tribe_events&#038;p=3429"},"modified":"2026-03-11T17:00:46","modified_gmt":"2026-03-11T15:00:46","slug":"9-konferenz-zukunft-der-pflege","status":"publish","type":"tribe_events","link":"https:\/\/www.cluster-zukunft-der-pflege.de\/index.php\/event\/9-konferenz-zukunft-der-pflege\/","title":{"rendered":"9. Konferenz &#8222;Zukunft der Pflege&#8220;"},"content":{"rendered":"<p>Die Konferenz \u201eZukunft der Pflege\u201d bringt Akteure aus Wissenschaft und Praxis zusammen.<\/p>\n<p>Pflege steht im Zentrum tiefgreifender Ver\u00e4nderungen. Umso wichtiger ist es, dass Akteurinnen und Akteure aus Praxis, Wissenschaft, Bildung, Technik und Politik gemeinsam innovative Impulse f\u00fcr eine zukunftsf\u00e4hige, digital unterst\u00fctzte Versorgung entwickeln.<\/p>\n<p>Weitere Informationen werden <a href=\"https:\/\/www.cluster-zukunft-der-pflege.de\/index.php\/konferenz\/\"><strong>hier<\/strong><\/a> ver\u00f6ffentlicht.<\/p>\n<p>.<\/p>\n","protected":false},"excerpt":{"rendered":"<p>Die Konferenz \u201eZukunft der Pflege\u201d bringt Akteure aus Wissenschaft und  [&#8230;]<\/p>\n","protected":false},"author":11,"featured_media":3262,"template":"","meta":{"_tribe_events_status":"","_tribe_events_status_reason":"","footnotes":""},"tags":[],"tribe_events_cat":[],"class_list":["post-3429","tribe_events","type-tribe_events","status-publish","has-post-thumbnail","hentry"],"_links":{"self":[{"href":"https:\/\/www.cluster-zukunft-der-pflege.de\/index.php\/wp-json\/wp\/v2\/tribe_events\/3429","targetHints":{"allow":["GET"]}}],"collection":[{"href":"https:\/\/www.cluster-zukunft-der-pflege.de\/index.php\/wp-json\/wp\/v2\/tribe_events"}],"about":[{"href":"https:\/\/www.cluster-zukunft-der-pflege.de\/index.php\/wp-json\/wp\/v2\/types\/tribe_events"}],"author":[{"embeddable":true,"href":"https:\/\/www.cluster-zukunft-der-pflege.de\/index.php\/wp-json\/wp\/v2\/users\/11"}],"version-history":[{"count":1,"href":"https:\/\/www.cluster-zukunft-der-pflege.de\/index.php\/wp-json\/wp\/v2\/tribe_events\/3429\/revisions"}],"predecessor-version":[{"id":3430,"href":"https:\/\/www.cluster-zukunft-der-pflege.de\/index.php\/wp-json\/wp\/v2\/tribe_events\/3429\/revisions\/3430"}],"wp:featuredmedia":[{"embeddable":true,"href":"https:\/\/www.cluster-zukunft-der-pflege.de\/index.php\/wp-json\/wp\/v2\/media\/3262"}],"wp:attachment":[{"href":"https:\/\/www.cluster-zukunft-der-pflege.de\/index.php\/wp-json\/wp\/v2\/media?parent=3429"}],"wp:term":[{"taxonomy":"post_tag","embeddable":true,"href":"https:\/\/www.cluster-zukunft-der-pflege.de\/index.php\/wp-json\/wp\/v2\/tags?post=3429"},{"taxonomy":"tribe_events_cat","embeddable":true,"href":"https:\/\/www.cluster-zukunft-der-pflege.de\/index.php\/wp-json\/wp\/v2\/tribe_events_cat?post=3429"}],"curies":[{"name":"wp","href":"https:\/\/api.w.org\/{rel}","templated":true}]}}

<p>Die Konferenz „Zukunft der Pflege” bringt Akteure aus Wissenschaft und Praxis zusammen.</p>
<p>Pflege steht im Zentrum tiefgreifender Veränderungen. Umso wichtiger ist es, dass Akteurinnen und Akteure aus Praxis, Wissenschaft, Bildung, Technik und Politik gemeinsam innovative Impulse für eine zukunftsfähige, digital unterstützte Versorgung entwickeln.</p>
<p>Weitere Informationen werden <a href="https://www.cluster-zukunft-der-pflege.de/index.php/konferenz/"><strong>hier</strong></a> veröffentlicht.</p>
<p>.</p>
